thousands digit of 38498?
8
What is the tens digit of 15478610?
1
What is the units digit of 18938166?
6
What is the ten thousands digit of 18887900?
8
What is the hundreds digit of 2662273?
2
What is the thousands digit of 3622359?
2
What is the thousands digit of 3871880?
1
What is the millions digit of 18915697?
8
What is the hundreds digit of 19076634?
6
What is the ten thousands digit of 316904?
1
What is the thousands digit of 136560?
6
What is the tens digit of 365293?
9
What is the thousands digit of 12358652?
8
What is the ten thousands digit of 178821?
7
What is the units digit of 14771333?
3
What is the thousands digit of 1117430?
7
What is the hundred thousands digit of 953744?
9
What is the hundreds digit of 638940?
9
What is the units digit of 165525?
5
What is the hundred thousands digit of 952777?
9
What is the ten thousands digit of 57305?
5
What is the tens digit of 7026702?
0
What is the hundreds digit of 17630175?
1
What is the thousands digit of 423306?
3
What is the hundred thousands digit of 587211?
5
What is the thousands digit of 302420?
2
What is the ten thousands digit of 7127980?
2
What is the thousands digit of 5844364?
4
What is the tens digit of 1277679?
7
What is the hundred thousands digit of 401340?
4
What is the hundreds digit of 1035271?
2
What is the hundreds digit of 232835?
8
What is the units digit of 930706?
6
What is the hundred thousands digit of 378481?
3
What is the units digit of 3551503?
3
What is the ten thousands digit of 28317563?
1
What is the ten thousands digit of 4125292?
2
What is the thousands digit of 7949410?
9
What is the tens digit of 4013240?
4
What is the units digit of 322997?
7
What is the units digit of 779306?
6
What is the tens digit of 505344?
4
What is the ten thousands digit of 369636?
6
What is the millions digit of 1971875?
1
What is the thousands digit of 249670?
9
What is the millions digit of 2208422?
2
What is the hundreds digit of 2009263?
2
What is the ten thousands digit of 2762065?
6
What is the hundred thousands digit of 264290?
2
What is the millions digit of 5333056?
5
What is the units digit of 110793?
3
What is the thousands digit of 636783?
6
What is the hundreds digit of 8307672?
6
What is the tens digit of 483388?
8
What is the ten thousands digit of 83498?
8
What is the hundreds digit of 3837882?
8
What is the units digit of 875858?
8
What is the millions digit of 2253342?
2
What is the ten thousands digit of 526159?
2
What is the thousands digit of 67025?
7
What is the units digit of 2930216?
6
What is the hundreds digit of 532770?
7
What is the units digit of 7971962?
2
What is the hundred thousands digit of 26139080?
1
What is the millions digit of 7681147?
7
What is the thousands digit of 2596167?
6
What is the hundred thousands digit of 1007949?
0
What is the hundreds digit of 1012558?
5
What is the tens digit of 234775?
7
What is the tens digit of 2930475?
7
What is the hundreds digit of 4561663?
6
What is the units digit of 18123230?
0
What is the thousands digit of 6620853?
0
What is the hundreds digit of 2718057?
0
What is the ten thousands digit of 631329?
3
What is the thousands digit of 158596?
8
What is the hundred thousands digit of 6974584?
9
What is the hundreds digit of 363991?
9
What is the thousands digit of 2173147?
3
What is the ten thousands digit of 162827?
6
What is the ten thousands digit of 15246?
1
What is the thousands digit of 2451254?
1
What is the thousands digit of 11337026?
7
What is the tens digit of 3896367?
6
What is the millions digit of 3752508?
3
What is the thousands digit of 4597930?
7
What is the ten thousands digit of 624867?
2
What is the units digit of 3755677?
7
What is the ten thousands digit of 326738?
2
What is the tens digit of 242408?
0
What is the thousands digit of 4447267?
7
What is the hundreds digit of 106931?
9
What is the millions digit of 1314052?
1
What is the ten thousands digit of 12127097?
2
What is the millions digit of 1933075?
1
What is the units digit of 7711583?
3
What is the hundreds digit of 743212?
2
What is the thousands digit of 521320?
1
What is the hundred thousands digit of 2026314?
0
What is the ten thousands digit of 280536?
8
What is the thousands digit of 352078?
2
What is the tens digit of 25707?
0
What is the millions digit of 1709685?
1
What is the millions digit of 5665249?
5
What is the thousands digit of 16088563?
8
What is the millions digit of 37887513?
7
What is the units digit of 205462?
2
What is the thousands digit of 2858272?
8
What is the hundred thousands digit of 222887?
2
What is the units digit of 2361079?
9
What is the millions digit of 2164626?
2
What is the thousands digit of 6423996?
3
What is the hundreds digit of 24634075?
0
What is the thousands digit of 284162?
4
What is the units digit of 401256?
6
What is the ten thousands digit of 2211931?
1
What is the units digit of 2108797?
7
What is the thousands digit of 802869?
2
What is the tens digit of 11259816?
1
What is the hundred thousands digit of 304658?
3
What is the hundred thousands digit of 4619940?
6
What is the thousands digit of 167367?
7
What is the thousands digit of 4813628?
3
What is the millions digit of 26442349?
6
What is the units digit of 54299?
9
What is the thousands digit of 9040846?
0
What is the tens digit of 740005?
0
What is the units digit of 722397?
7
What is the millions digit of 6694286?
6
What is the hundred thousands digit of 14903523?
9
What is the thousands digit of 1425644?
5
What is the hundred thousands digit of 604565?
6
What is the tens digit of 10516252?
5
What is the units digit of 112051?
1
What is the ten millions digit of 27628002?
2
What is the tens digit of 797697?
9
What is the ten thousands digit of 463295?
6
What is the thousands digit of 1957125?
7
What is the thousands digit of 572379?
2
What is the ten thousands digit of 77454?
7
What is the ten thousands digit of 1825808?
2
What is the hundreds digit of 22801695?
6
What is the hundreds digit of 67157?
1
What is the hundred thousands digit of 1464931?
4
What is the thousands digit of 339028?
9
What is the hundreds digit of 4602?
6
What is the hundreds digit of 186837?
8
What is the millions digit of 1664339?
1
What is the ten thousands digit of 14673637?
7
What is the thousands digit of 611367?
1
What is the ten millions digit of 37207375?
3
What is the thousands digit of 693965?
3
What is the thousands digit of 262853?
2
What is the hundred thousands digit of 274084?
2
What is the hundred thousands digit of 4575596?
5
What is the units digit of 1975050?
0
What is the millions digit of 13275504?
3
What is the millions digit of 6789916?
6
What is the millions digit of 14356244?
4
What is the thousands digit of 1415031?
5
What is the tens digit of 11334?
3
What is the millions digit of 1910480?
1
What is the hundred thousands digit of 4557759?
5
What is the thousands digit of 1440615?
0
What is the millions digit of 2065326?
2
What is the thousands digit of 3536471?
6
What is the tens digit of 3079619?
1
What is the ten thousands digit of 154540?
5
What is the tens digit of 231642?
4
What is the thousands digit of 1683424?
3
What is the units digit of 15778087?
7
What is the thousands digit of 3360220?
0
What is the millions digit of 11513208?
1
What is the hundred thousands digit of 2354394?
3
What is the units digit of 756055?
5
What is the thousands digit of 3977972?
7
What is the hundred thousands digit of 497844?
4
What is the ten thousands digit of 4405351?
0
What is the ten thousands digit of 6795638?
9
What is the tens digit of 1073093?
9
What is the hundreds digit of 2241437?
4
What is the ten millions digit of 26417959?
2
What is the tens digit of 373060?
6
What is the millions digit of 1189350?
1
What is the millions digit of 3101827?
3
What is the hundred thousands digit of 10724345?
7
What is the ten thousands digit of 1299082?
9
What is the thousands digit of 192846?
2
What is the ten millions digit of 41155296?
4
What is the hundred thousands digit of 15297317?
2
What is the hundreds digit of 139003?
0
What is the units digit of 194591?
1
What is the hundred thousands digit of 643771?
6
What is the tens digit of 5499831?
3
What is the millions digit of 1566186?
1
What is the units digi